{"id":8,"date":"2019-11-01T22:30:39","date_gmt":"2019-11-01T22:30:39","guid":{"rendered":"http:\/\/hof-fedderke.de\/?page_id=8"},"modified":"2020-09-11T20:01:54","modified_gmt":"2020-09-11T20:01:54","slug":"der-hof","status":"publish","type":"page","link":"https:\/\/hof-fedderke.de\/?page_id=8","title":{"rendered":"Der Hof"},"content":{"rendered":"<p>befindet sich seit vielen Jahren in Familienbesitzt. Der fr\u00fchere Nebenerwerbshof bietet heute unserer Familie und einer Vielzahl von Tieren ein Zuhause. Es leben drei Generationen unter einem Dach. Den ehemaligen Heuboden haben wir vor einigen Jahren zu einer gem\u00fctlichen Ferienwohnung umgebaut.<\/p>\n<p>Neben unserem Hund bewohnen die Diele im Haupthaus auch unsere Katzen. Im Sommer sind Kaninchen und Mehrschweinchen in ihrem Stall auf dem Hof. Im alten Schweinestall sind vor einigen Jahren unsere H\u00fchner eingezogen und versorgen uns seit dem mit leckeren Eiern. Sie genie\u00dfen ihren gro\u00dfen Auslauf, der sich direkt an den Stall anschlie\u00dft.<\/p>\n<p>In der gro\u00dfen Scheune finden sich einige Landmaschinen sowie einer unserer zwei Traktoren. Genutzt werden diese um das Futter f\u00fcr die drei Pferde zu ernten. Sie stehen direkt neben der Scheune in einem ger\u00e4umigen Offenstall. Vom Paddock aus gelangen sie auf Ihre Weide, die direkt vor dem gro\u00dfz\u00fcgigen Garten des Hauses liegt.<\/p>\n<p>Im Garten finden Sie neben einem Spielplatz mit Schaukel, Wippe, Spielhaus und einer Rutsche auch eine gro\u00dfz\u00fcgig \u00fcberdachte Sitzecke mit Grill. An sonnigen Tagen l\u00e4dt auch die Liegewiese zum Entspannen ein.<\/p>\n<p>An den Garten schlie\u00dft sich das Carport mit gem\u00fctlichem Aufenthaltsraum direkt neben dem Spielhaus an. Hier steht nicht nur Ihr Auto gut gesch\u00fctzt vor Wind und Wetter sondern man kann hier auch einen gem\u00fctlichen Abend verbringen.<\/p>\n<p>Wie Sie merken haben wir viel Platz auf unserem Hof. Genau das richtige, wenn Sie etwas Ruhe suchen.<\/p>\n","protected":false},"excerpt":{"rendered":"<p>befindet sich seit vielen Jahren in Familienbesitzt. Der fr\u00fchere Nebenerwerbshof bietet heute unserer Familie und einer Vielzahl von Tieren ein Zuhause. Es leben drei Generationen unter einem Dach. Den ehemaligen Heuboden haben wir vor einigen Jahren zu einer gem\u00fctlichen Ferienwohnung umgebaut. Neben unserem Hund bewohnen die Diele im Haupthaus auch unsere Katzen. Im Sommer sind Kaninchen und Mehrschweinchen in ihrem Stall auf dem Hof. Im alten Schweinestall sind vor einigen Jahren unsere H\u00fchner eingezogen und versorgen uns seit dem mit&#8230;<\/p>\n<p class=\"read-more\"><a class=\"btn btn-default\" href=\"https:\/\/hof-fedderke.de\/?page_id=8\">Weiterlesen<span class=\"screen-reader-text\"> Weiterlesen<\/span><\/a><\/p>\n","protected":false},"author":1,"featured_media":0,"parent":0,"menu_order":0,"comment_status":"closed","ping_status":"closed","template":"","meta":{"footnotes":""},"class_list":["post-8","page","type-page","status-publish","hentry"],"_links":{"self":[{"href":"https:\/\/hof-fedderke.de\/index.php?rest_route=\/wp\/v2\/pages\/8","targetHints":{"allow":["GET"]}}],"collection":[{"href":"https:\/\/hof-fedderke.de\/index.php?rest_route=\/wp\/v2\/pages"}],"about":[{"href":"https:\/\/hof-fedderke.de\/index.php?rest_route=\/wp\/v2\/types\/page"}],"author":[{"embeddable":true,"href":"https:\/\/hof-fedderke.de\/index.php?rest_route=\/wp\/v2\/users\/1"}],"replies":[{"embeddable":true,"href":"https:\/\/hof-fedderke.de\/index.php?rest_route=%2Fwp%2Fv2%2Fcomments&post=8"}],"version-history":[{"count":8,"href":"https:\/\/hof-fedderke.de\/index.php?rest_route=\/wp\/v2\/pages\/8\/revisions"}],"predecessor-version":[{"id":100,"href":"https:\/\/hof-fedderke.de\/index.php?rest_route=\/wp\/v2\/pages\/8\/revisions\/100"}],"wp:attachment":[{"href":"https:\/\/hof-fedderke.de\/index.php?rest_route=%2Fwp%2Fv2%2Fmedia&parent=8"}],"curies":[{"name":"wp","href":"https:\/\/api.w.org\/{rel}","templated":true}]}}